 - (-1 + 3)?
3
What is the tens digit of (-19)/(21/140 - 3/15)?
8
Let v(b) = -83*b + 10. What is the units digit of v(-2)?
6
Let d = 122 + 45. What is the hundreds digit of d?
1
Let a(k) = 2*k**2 + k + 2*k**3 - 2*k**3 + k**3. Let x be a(2). Let c = x - 3. What is the units digit of c?
5
Suppose m - 4 = -3*m. Suppose 38 = 2*x - 2*o, 0 = x - 0*o + 3*o + m. What is the units digit of x?
4
What is the hundreds digit of 5/(-4*4/(-608))?
1
Let g = -217 + 408. What is the tens digit of g?
9
Suppose -n - 8 = -3*n. Suppose -2*k = -8 + n. Suppose -18 + k = -4*o. What is the units digit of o?
4
Suppose z = -5*s - 16, -2*z = 3*s - 2 + 6. Suppose 4*d = -z*o + 48, -2*d + 3*d - 60 = -4*o. What is the units digit of o?
6
Let y(q) = 7*q**2 - 4*q + 3. Let g(w) = 8*w**2 - 3*w + 4. Let b(s) = -6*g(s) + 7*y(s). What is the units digit of b(11)?
8
Let y(j) = j**3 - 4*j**2 + 4*j - 1. Suppose 0 = 2*d + 3*o - 15, 5 + 4 = 2*d + o. Let t be y(d). Suppose -t*f = 2*f - 12. What is the units digit of f?
3
Let s = -10 - -15. Suppose -5*z = -10*z. Suppose s*q - 3*q - 28 = z. What is the units digit of q?
4
What is the units digit of ((-14)/4)/7*-58?
9
Let c be (-2)/1 - (1 + -3). Suppose c = t + 4*n - 14, 2*n - 1 + 3 = 4*t. Suppose -4*g + 7 = j + 2*j, 5*g = 3*j + t. What is the units digit of j?
1
Let k = 2 - -32. What is the units digit of k?
4
Let z = -244 - -488. What is the hundreds digit of z?
2
Suppose -3 + 1 = -p. Let m(h) = -h - 10. Let g be m(-9). Let n = g + p. What is the units digit of n?
1
Suppose 0 = 4*w - 2*t - 8, -t = w - 4 + 8. Let y(m) = -m**3 - m + 30. Let g be y(w). Suppose -a - g = -6*a. What is the units digit of a?
6
Let o(z) = z**3 - 11*z**2 + 10*z + 3. Let t be o(10). Suppose 5*n + 11 = -0*i + t*i, i - 1 = -n. Suppose i*j = 6*j - 72. What is the tens digit of j?
1
Let q = -65 + 113. What is the units digit of q?
8
Suppose -3*o + i + 6 = 0, -3*i + 6 = -i. Let a(k) be the third derivative of 5*k**4/24 - k**3/2 - 4*k**2. What is the units digit of a(o)?
2
Suppose 0 = -3*n - 2*n - 15. Suppose -k + 108 = -4*k. What is the units digit of k/n - (-2 - -2)?
2
Let q be -3 - (-5)/(5/2). Let u = q + 5. What is the units digit of u?
4
Let s be (-4)/(-14)*(-4 - -11). Suppose 0 = -s*m - 5*z + 139, -2*z = 3*z + 5. Suppose 4*a + 0*f - m = 4*f, 3*a - 58 = 4*f. What is the tens digit of a?
1
Suppose -1138 = -4*c - 2*y, c + 0*y - 307 = 4*y. What is the tens digit of c?
8
Suppose 0 = -p - 2*p + l, -11 = 4*p - 5*l. Suppose 14 = -5*h - p. Let w(s) = s**3 + 4*s**2 + 3*s + 3. What is the units digit of w(h)?
3
Let k(m) = -m**3 + 23*m**2 - 21*m + 17. What is the tens digit of k(22)?
3
Let i = 13 + -10. Suppose n - 5*w + 3*w = 41, -i*n = 3*w - 96. What is the tens digit of n?
3
Suppose 4*j - 51 - 5 = 0. What is the units digit of j?
4
Let v = 7 + -4. Suppose 0 = -0*j - v*j + 60. Suppose 5*y - j - 29 = 3*r, -3*y + 31 = -r. What is the units digit of y?
1
Let s = 85 - -5. What is the tens digit of s?
9
What is the tens digit of (3/(-9))/(5/(-1035))?
6
Let j be (0 + -6)*(-25)/(-2). Let n be (4/(-6))/(5/j). What is the units digit of n/1*(-3 - -4)?
0
Suppose 4*m + 16 = -24. Let s be (-212)/m + 3/(-15). Suppose -2*f = -5*f + s. What is the units digit of f?
7
Let t(m) = -m**3 - 2*m**2 + 3*m - 4. Let x be t(-6). Let p be (-1)/4 + x/8. Suppose 5*z - p = 2*z. What is the units digit of z?
5
Let x be 1224/28 - 2/(-7). Let h = 65 - x. What is the units digit of 111/h + 4/(-14)?
5
Let r(z) = 102*z**3 - z**2 + 3*z - 2. What is the units digit of r(1)?
2
Let f(j) be the second derivative of j**3/6 - j**2/2 - 2*j. Let k be f(4). Suppose 2*u - k*u + 2 = 0. What is the units digit of u?
2
Let i(v) = 3*v - 5. Suppose 0 = s - 4*s + 15. What is the units digit of i(s)?
0
Let i(s) = -s**2 - 4*s + 3. Let g be i(2). Let l = -5 - g. Suppose -a + 6 = l. What is the units digit of a?
2
Suppose 0*d = -d. Suppose -3*h + 5*k + 77 = d, h + 4*k - 21 = -1. What is the units digit of h?
4
Suppose 4*v = -1 - 7. What is the units digit of 3/((-2)/20*v)?
5
Suppose -4*p + 25 = 5. Suppose p*s - 39 - 21 = 0. What is the units digit of s?
2
Let h(l) = -l**3 + 5*l**2 + 6*l - 2. Suppose 0*q + 3*q - 12 = 0. Let d be h(q). Suppose 0 = -2*p - 4*j + 4, 4*p - j - j - d = 0. What is the units digit of p?
8
Suppose -62 = -0*z - z. What is the tens digit of z?
6
What is the units digit of 1/1*(-6)/((-18)/219)?
3
Suppose -2*z - 4*m + 89 = -7*m, 0 = 3*z - 5*m - 131. What is the tens digit of z?
5
Let d(r) = -r - 7. Let f be d(-6). Let w be 9*f - (-1 - 1). Let c = w + 14. What is the units digit of c?
7
Suppose 4*d = 3*j - 317, -5*j + 0*j + 547 = -2*d. What is the hundreds digit of j?
1
Suppose 0 = o + u - 2, 5*o = 4*u - u + 26. Suppose -o*g + 5*v = -57 + 10, 3*g = 5*v + 29. What is the tens digit of g?
1
Suppose -4*a = -2*r + 16, 0*r + a - 2 = -r. Let b = 3 - r. What is the units digit of (3 - 3 - b) + 0?
1
Let k be -3*((-8)/(-3))/(-2). Let o(p) = -4*p**2 + 7*p**2 + 11*p - 5*p - k*p**2 - 1. What is the units digit of o(4)?
7
Suppose -3*r = 2*c - 151, -c + r - 4*r + 71 = 0. What is the tens digit of c?
8
Let f = 11 + -12. What is the units digit of 4*(f - -6) + 1?
1
Suppose 4*m = 2*o - 95 - 41, o - 73 = m. Suppose 0 = -4*z - 2*d + o, 0 = d - 4*d + 15. What is the units digit of z?
7
Suppose 3*p = -0*l - 4*l + 731, -5*l + 916 = 3*p. What is the tens digit of l?
8
Let q(n) = -n**3 + n**2 + n - 4. Let m be q(0). Let s be (-3130)/90 + m/18. Let c = -18 - s. What is the units digit of c?
7
Suppose -6*u + u = 0. Suppose 5*n = -f + 122 - 24, u = -f + 3. Let m = 29 - n. What is the tens digit of m?
1
Let k = -32 - -36. Let y = 4 - 6. What is the units digit of ((-3)/y)/(k/24)?
9
Let q(d) = -23*d - 13. What is the units digit of q(-5)?
2
Suppose 5*p + 4*i = 43 - 6, -5*i = -3*p. What is the units digit of p?
5
Let v = 403 - 182. What is the hundreds digit of v?
2
Let y(v) = 17*v**2 - 2*v - 2. Let x be y(-2). Suppose n + x = 3*n. Suppose 4*w + 5*c - 42 = 0, 0 = -3*w + 2*c - 4*c + n. What is the units digit of w?
3
Let v(p) = -p**2 + 13*p + 5. Suppose -3*s - 2*h + 40 = 0, 5*s = -0*s - h + 62. What is the tens digit of v(s)?
1
What is the units digit of ((-15)/(-10))/(1/16)?
4
Suppose 0 = -5*j + 5, q + 0*j - 41 = 3*j. What is the tens digit of q?
4
Let x = 7 - 10. Let m(n) be the second derivative of n**4/12 + n**3/6 - n. What is the units digit of m(x)?
6
Let r(k) = -k - 1. Let i(h) = -3*h + 5. Let d(v) = -i(v) + 2*r(v). What is the units digit of d(9)?
2
Let z be (-2)/10 + (-92)/(-10). Suppose y + z = 6*r - 2*r, 2*r = 6. What is the units digit of y?
3
Let d = 20 - 9. What is the units digit of -2 + d + 2 + -1?
0
Let z = 261 - 182. What is the tens digit of z?
7
Let d = 14 + -8. Suppose 0 = -4*u, 3*u - 24 = -d*w + 2*w. Let j = 8 - w. What is the units digit of j?
2
What is the units digit of 13/(-26)*(-3*76 + 0)?
4
Let q(z) = -z + 1. Let u be q(-3). Suppose -2*a - 34 = -u*a. What is the tens digit of a?
1
Let o(q) = -q**3 + 8*q**2 + 11*q + 4. Let t be o(9). Let h be 164/14 - 4/(-14). Let d = t - h. What is the tens digit of d?
1
Let p(o) = o**2 - 12*o + 11. What is the tens digit of p(12)?
1
Suppose -8 = c - 5*m + 2, 3*m + 16 = 5*c. Suppose 45 = -5*w + c. Let l(t) = -t**2 - 10*t - 9. What is the units digit of l(w)?
7
Suppose 3*l = -2*m + 3*m - 11, -2*l = 4*m - 16. Suppose 2*x + x - 15 = 3*j, m*x + j = 25. What is the units digit of x?
5
Suppose j + 3 = 10. Let o = j - -6. Let r = -8 + o. What is the units digit of r?
5
Let k(j) = j**3 + 14*j**2 - 9. Let i be k(-14). Let a(u) = u**2 + 7*u + 11. What is the tens digit of a(i)?
2
Let u be 3/(1 - (4 + -2)). What is the units digit of (20/6)/((-2)/u)?
5
What is the tens digit of (-178)/(-2) + 2 + (2 - 2)?
9
Let r = 4 - 2. Let o(u) = 4*u - 2. Let d be o(r). What is the units digit of (d/(-5))/((-4)/30)?
9
Let k(s) = s**3 - 2*s**2 + 2*s - 3. Let u = -6 - -8. What is the units digit of k(u)?
1
Let i(v) = 9*v + 6. Let k(x) = -8*x - 5. Let f(j) = 2*i(j) + 3*k(j). Let c be f(-3). Suppose 2*b + 1 - c = 0. What is the units digit of b?
7
Suppose -5*a = 5*d - 45, -3*d + 0 - 5 = -a. Let i(t) = t**2 - 3*t - 11. What is the tens digit of i(a)?
2
Let t be (0*1/(-1))/(-1). What is the units digit of -2 + t + -1 + 4?
1
Let u(g) = -g + 26. What is the units digit of u(5)?
1
Let h(k) = -41*k**2 - 14*k + 3